-13 + 7. Let r be -1*(-122)/v*3. Let t = r + 109. List the prime factors of t.
2, 3
Let r(u) = 56*u**2 - 3*u + 13. List the prime factors of r(-4).
3, 307
Let h(z) = -z**3 + 8*z**2 - 5*z - 8. Let l(m) = 2*m**2 - 3. Let p be l(-2). What are the prime factors of h(p)?
2, 3, 7
Let n = 120 - -1429. What are the prime factors of n?
1549
Let f(q) = q**2 - 18*q + 18. Let d be f(19). Suppose -d = 4*y - 469. What are the prime factors of y?
2, 3
Let k(j) = -j**3 + 12*j + 9. Let l be k(-4). Suppose -l*c = -10*c - 180. List the prime factors of c.
2, 3
Suppose r - 2*f = -312, 2*f + 900 = -3*r - f. Let o be (-4)/(-22) + r/(-22). What are the prime factors of 362/6 - o/(-21)?
61
Let j(o) = 96*o - 157. What are the prime factors of j(5)?
17, 19
Let v(r) = -4*r + 15. Let u be (0 - 1)/((-282)/72 + 4). What are the prime factors of v(u)?
3, 7
List the prime factors of 4515/45 - (1 - 10/6).
101
Let i(y) = -35*y - 1 - 2*y - 35*y + 9*y. Let r(v) = v**3 + 6*v**2 - v - 7. Let x be r(-6). List the prime factors of i(x).
2, 31
Let b(z) be the third derivative of z**5/15 + z**4/24 + z**3/2 + 3*z**2. What are the prime factors of b(-4)?
3, 7
Suppose 3*n + 2001 = 68*w - 67*w, -3*n = 15. List the prime factors of w.
2, 3, 331
Let a(g) = g - 4. Let w be a(11). Suppose -3*l + 2 = v + 11, -w = 3*v + 4*l. What are the prime factors of v?
3
Suppose 6*r + 16 = 8*r. List the prime factors of 12/r*(-4)/6 + 109.
2, 3
Suppose 0 = q + 4*o - 2 - 0, 2*q - o = 4. Suppose -l = -q*l + 20. List the prime factors of l.
2, 5
Let o(k) = -323*k + 38. What are the prime factors of o(-2)?
2, 3, 19
Suppose 651 + 289 = 4*n. Let h = n + -151. What are the prime factors of h?
2, 3, 7
Let h(a) = a**2 - 5*a - 8. Suppose -c = 5*r - 8 + 25, -c + 4 = -2*r. Let l be r/(-1) + (-4)/(-1). What are the prime factors of h(l)?
2, 3
Let q(c) = -2*c + 15. Let k be q(5). Suppose -261 = -k*a + 1054. List the prime factors of a.
263
What are the prime factors of (28/70 + 12)/((-2)/(-465))?
3, 31
Let v(g) = -2*g**3 + 8*g**2 + 61*g + 2. What are the prime factors of v(-7)?
653
Let i(p) = -4*p - 10. Let n be i(-6). Suppose 4*c = n - 22. What are the prime factors of (c + 1)/((-10)/490)?
7
Let j(d) = 5*d**3 + d**2 + 2*d - 3. Let k be j(2). Let x = 29 + k. List the prime factors of x.
2, 37
Suppose 14*t = 9*t + 300. Suppose -5*v - 205 = -5*h + t, -h - 3*v + 33 = 0. List the prime factors of h.
2, 3
Let s(w) = -120*w + 13. Let j be s(-6). Suppose 9*z = j - 49. List the prime factors of z.
2, 19
Let k(r) = 16*r**2 + 5*r + 10. Let s be k(6). Suppose 0 = 10*o - 14*o + s. List the prime factors of o.
2, 7, 11
Suppose -71*f + 67*f = 0. Suppose 42*i - 40*i - 150 = f. List the prime factors of i.
3, 5
Let l be (-4*18/4)/(-2). Let h(b) be the third derivative of -b**5/60 + 11*b**4/24 + 5*b**3/3 - 22*b**2. List the prime factors of h(l).
2, 7
Suppose 0 = 5*p + 4 + 16. Let a be (-390)/p + 14/28. Suppose -a - 52 = -5*u. List the prime factors of u.
2, 3, 5
Suppose r + 0*r = 84. Suppose -s - s = -r. Suppose -s + 0 = -2*d. What are the prime factors of d?
3, 7
Let o be -2*(-5)/(-20) + (-2)/(-4). Suppose -2*z + z + 22 = j, 5*z + 3*j - 100 = o. What are the prime factors of z?
17
Suppose -2*h + w + 5614 = 0, -4*w - 5608 = -h - h. What are the prime factors of h?
2, 3, 13
Let p(c) = -c**3 - 11*c**2 + 10*c - 22. Let n be p(-12). Suppose -n*a = -45 + 3. What are the prime factors of a?
3, 7
Let w be -1 - (2 - (-2 - -76)). Let a = 63 + w. List the prime factors of a.
2, 67
Let j be ((-9)/(-3))/((-3)/((-9)/3)). Suppose -2*u + 99 = u + 3*a, j*a = -3. What are the prime factors of u?
2, 17
Suppose 12*b - 24586 - 36578 = 0. What are the prime factors of b?
3, 1699
Suppose -d - 4*d = 280. Suppose 2*l - 5*w = -2*l + 309, -78 = -l + w. Let i = d + l. List the prime factors of i.
5
Let t = 5 + -2. Suppose 2 = -b - k, 2*b - 5*k + 10 = -t*b. List the prime factors of (-3)/b*32/12.
2
Suppose k + 3*k - 5*z - 51 = 0, -5*k = -3*z - 54. Let y = 46 - k. What are the prime factors of y?
37
Suppose -3*w = -4*w + 3019. What are the prime factors of w?
3019
Let y be (16/(-3))/((-1)/(-3)). Let v = y - -13. What are the prime factors of 1/v + (-30)/(-9)?
3
Suppose -y + 0 = -36. List the prime factors of y.
2, 3
What are the prime factors of -6 + 388540/160 + 6/(-16)?
2, 7, 173
Let g(v) = 9*v**2 + v - 29. What are the prime factors of g(-5)?
191
Let h = -12 - -9. What are the prime factors of 1*111 - h/5*-5?
2, 3
Let z = 2438 - 1409. What are the prime factors of z?
3, 7
Suppose -5*g = -3*s + 1498, 11*s + 3*g = 14*s - 1488. What are the prime factors of s?
491
Let l be -2 - 2/(-1)*2. Suppose l*z + 2 = 2*p, -3*p = 4*z + 49 - 10. List the prime factors of z/15 + (-234)/(-10).
23
List the prime factors of 1573 - ((-48)/(-15) - 1/5).
2, 5, 157
Let a(i) = 38*i**3 - 5*i**2 - 28*i + 181. List the prime factors of a(5).
2, 2333
Let c(x) = -10*x + 23. Let f(j) = -9*j + 23. Let m(a) = 4*c(a) - 5*f(a). Let t be ((-21)/14 - -7)/((-2)/(-4)). List the prime factors of m(t).
2
List the prime factors of (-37 + 34)/(3/(-61)).
61
Let r = 4 + -21. What are the prime factors of (r/(-2))/(10/20)?
17
Suppose 5*d = -5*t + 319 + 176, -3*d - t = -287. What are the prime factors of d?
2, 47
Let n = -3 + 8. Suppose 5*l + 4*q - 82 = 0, 2*l - 12 = -n*q + 31. What are the prime factors of l?
2, 7
Suppose -10*z - 114 = -16*z. Let n = z + 0. What are the prime factors of n?
19
Let s = 12 - -3. Let z be (s/25)/(2/20). Suppose -z*g + 25 = -5*g. List the prime factors of g.
5
Let z(p) be the second derivative of -p**5/20 + 5*p**4/12 + 4*p**3/3 - 7*p**2/2 + p. Let i be z(6). Suppose 7 = 3*f - i. List the prime factors of f.
2
Suppose 2*x = -2*n + 6 + 8, -5*x = -4*n - 17. Suppose -q + 5*q - 32 = 0. Suppose q = n*b - 2. What are the prime factors of b?
5
List the prime factors of (-109)/(-7 + (-136)/(-20)).
5, 109
Let d = -457 + 616. What are the prime factors of d?
3, 53
Let l(g) = -g**3 + 32*g**2 - 14*g + 28. List the prime factors of l(22).
2, 3, 5, 19
Suppose -8*t = -6*t + f - 372, -4*t = 4*f - 748. List the prime factors of t.
5, 37
Let y(c) = 2*c - 8. Let p be y(6). What are the prime factors of 2 + 130/(6 - p)?
67
Suppose 2*x + 4*m = 150, -3*x - 5*m = -m - 225. Suppose -4*j - j = -x. List the prime factors of (96/j)/((-4)/(-10)).
2
Let o(i) = 213*i + 150. List the prime factors of o(13).
3, 7, 139
Let b = -11 - -8. Let u be 1 + 9/b + 3. Suppose x + 24 = y - u, -3*y = x - 75. List the prime factors of y.
5
Let v = -9 - -13. Suppose 3*s + 69 = 4*s + v*o, 5*s + 2*o = 273. Let h = -32 + s. List the prime factors of h.
3, 7
Let z = 2 - -169. Suppose 5*a = -4*s + 251, 2*a + z = -s + 4*s. List the prime factors of s.
59
Let u(h) = -h**3 - 8*h**2 + 3*h. Let y be u(-6). Let w = -62 - y. List the prime factors of (-6)/(-4 - (-104)/w).
3, 7
Let s(l) = 2*l**3 + 26*l**2 - 29*l - 9. Let f be s(-14). Let z = -54 - -77. Suppose z = h + f. What are the prime factors of h?
2, 3
Suppose -4*o = -0*t - t - 27, 2*o + 3*t = 3. List the prime factors of 37/(27/o + -4).
2, 37
Suppose -3*m + 4*m - 3168 = -5*f, -3176 = -m - 3*f. List the prime factors of m.
2, 797
Suppose 11*j - 1752 = -13*j. List the prime factors of j.
73
Suppose -5*y + 8 = -4*r, 0*r - 5 = -2*y + r. Let a(p) = -18*p - 5*p + 9*p - y + 0. List the prime factors of a(-4).
2, 13
Suppose -5*r = -4*t + 77, -2*r - 3*t = t + 42. List the prime factors of 179 + 1 - (r + 16).
181
Let t(m) = -m**2 + 93*m + 110. List the prime factors of t(47).
2, 71
Let m = -2742 - -4804. List the prime factors of m.
2, 1031
Let q = 358 - 229. Suppose 33 = 2*x - q. List the prime factors of x.
3
Let t(m) = -15*m**3 + 8*m**2 + 6*m - 3. What are the prime factors of t(-4)?
1061
Suppose -2211 - 129 = -12*w. List the prime factors of w.
3, 5, 13
Let h = -32 + 20. Let y(c) = c**2 + 9*c + 9. List the prime factors of y(h).
3, 5
Let h(g) = 7*g**2 + 3*g - 2. Let r be -3 + ((-2)/(-2) - 1). Let o be h(r). Suppose k = -k + o. List the prime factors of k.
2, 13
Let b(m) = 9*m + 73. Let i(x) = -4*x - 75. Let z be i(-23). List the prime factors of b(z).
2, 113
What are the prime factors of (10 - 5)*1*774/5?
2, 3, 43
Let k be 0/(-6) - (-15)/3. Suppose k*z - 82 = 188. Suppose 4*b - 222 - z = 0. List the prime factors of b.
3, 23
Let z(i) = -2 + 27*i - 1 + 2*i**2 - 4 - 30*i. What are the 